actor of 40 and t.
40
Let x be 180/54*6/5. Let l be -54*(22/6 - x). What is the highest common divisor of 171 and l?
9
Let a(w) = w**2 + 30*w - 2743. Let l be a(40). Calculate the greatest common divisor of 760 and l.
19
Suppose 1274*x - 6656 = 1261*x. What is the highest common factor of 1 and x?
1
Suppose 0*d - 9895 - 8261 = -4*d. What is the highest common factor of 89 and d?
89
Let o be ((-136)/10)/((-18)/4905). What is the greatest common divisor of o and 51?
17
Let p be (-3899 + -1)*(((-624)/(-30) - 8) + -14). Calculate the highest common factor of 420 and p.
60
Suppose -5*q = -2*h + 14, 29 = -5*h - 4*q - 2. Let u(v) = -3*v**3 - 2*v + 186 - 7*v - 7*v**2 - 189. Let g be u(h). What is the highest common factor of 6 and g?
6
Let c be ((-38)/(-2))/((-278)/(-193210)). Calculate the highest common divisor of 95 and c.
95
Suppose -2*v = -0*v + 8, 4*t = -v + 580. Let h be ((-27)/(-3))/((-3)/27). Let y = h + t. Calculate the greatest common factor of y and 26.
13
Let n be 15/(-10) - (-23)/2. Suppose 7 = 4*l - 1. Suppose 2*f = 3*d - l*f - 76, -4*d + f = -84. What is the highest common divisor of d and n?
10
Let x(r) = 4*r - 20. Let v be x(14). Let t be 3/(-2) + (16/(-4))/8. Let i be t/(24/(-138)) - (-3)/6. What is the highest common divisor of v and i?
12
Let t = -64 - -143. Let r = 221 + t. What is the highest common divisor of r and 30?
30
Suppose 4*m = 2*m + 4. Let k(s) = -65*s + 7. Let t(r) = 193*r - 19. Let a(g) = 17*k(g) + 6*t(g). Let n be a(m). What is the highest common factor of n and 37?
37
Suppose 13*s - 71 = 14*s + 3*v, 2*s + 97 = 3*v. Let u be (-624)/s + (-6)/(-7). What is the greatest common divisor of 54 and u?
6
Let q = 9 - 17. Let p be 8/2*(-14)/q. Suppose -l - 3*f + 3 = 0, -p*l = -4*l - 4*f - 35. Calculate the highest common factor of 99 and l.
9
Let j = -86 + 90. Let u = -8 + 2. Let m be ((-6)/(-2))/(u/(-32)). What is the greatest common divisor of m and j?
4
Suppose -73 = 4*f - 313. Suppose -4*y = -17*y + 1573. Suppose w - 2*k - 31 = 3, 4*w - 5*k = y. What is the highest common factor of w and f?
12
Suppose -4*a - 4*j + 24 = 0, 3*a + j - 9 - 7 = 0. Suppose a*h - 32 = 28. What is the highest common divisor of 324 and h?
12
Let g be 14185/(((-161)/(-14))/23) + -2. Calculate the greatest common divisor of g and 288.
144
Suppose -6360 - 60 = -6*y. Suppose 0 = -2*l + 2*f + y, -10*f - 1621 = -3*l - 11*f. Calculate the greatest common factor of l and 11.
11
Suppose -5*o = d - 155, o = -4*d - o + 620. Suppose -2*c = 5*l - d, 19 = -4*c - 1. Suppose 0 = 4*b - 9*b + 660. What is the greatest common divisor of b and l?
33
Suppose 3*o + 12 = 8*o - 3*x, o + 4*x = 7. Suppose -55 = -3*n - 4*k, 0 = -o*k + 2*k - 5. What is the highest common divisor of 10 and n?
5
Suppose 0 = 3*g + 6, 2*s - 11*g - 28208 = -13*g. Calculate the highest common factor of 12 and s.
6
Suppose -7*g = 2*g. Let o be 31 + (-5 + g + 0)*1. Calculate the highest common divisor of 208 and o.
26
Let b be (-1 + -29)*752/(-24). Suppose -3241 = 37*y - 3981. What is the greatest common factor of b and y?
20
Let z = 305 - 275. Suppose c - 16 = b - 96, 5*c = -25. Calculate the highest common factor of b and z.
15
Let h = -66 + 147. Suppose 47 = 4*w + 5*x - 29, 3*x + 76 = 4*w. Let r = 28 - w. Calculate the greatest common divisor of h and r.
9
Let m = 9183 + -9177. Suppose 2*y = 23 + 7. Calculate the greatest common factor of y and m.
3
Let j(w) = -110*w - 54. Let r(g) = -109*g - 56. Let o(m) = -3*j(m) + 4*r(m). Let s be o(-2). Calculate the highest common divisor of s and 60.
30
Let v be ((-31)/3)/(6*(-2)/72). Let a = 50 - 19. What is the highest common divisor of v and a?
31
Let k(x) = -454*x**3 + x**2 - 20*x - 22. Let j be k(-1). Calculate the highest common factor of 12 and j.
3
Suppose -y + 7 = l - 7, -4*y + 4*l + 88 = 0. Suppose 7*c - 14 = 21. Let d be (c/2)/((-4)/(-72)). What is the highest common divisor of y and d?
9
Let k(v) = 4 - 2 + 3 + 2*v + v**2 + 0. Let x be k(-7). Suppose 565*w - 559*w = 120. What is the highest common factor of x and w?
20
Suppose -34*f + 3819 = 33*f. Suppose 0 = t + 4*t + m - 14, 15 = 4*t - 3*m. What is the highest common factor of f and t?
3
Suppose -115*o - 118 = -578. Calculate the highest common divisor of o and 18.
2
Suppose -87*d = -431653 + 41545. Calculate the highest common divisor of 836 and d.
76
Let z = -6045 - -6215. What is the greatest common divisor of z and 765?
85
Let c(f) = -721*f + 18937. Let x be c(25). Calculate the highest common divisor of x and 108.
12
Let r = -419 + 795. Let m(j) = 61*j - 175. Let f be m(3). Calculate the highest common divisor of r and f.
8
Suppose -2012 = -6*m - 1820. Let s = -65 + 97. Calculate the highest common divisor of s and m.
32
Suppose -2*l - 21*r = -19*r - 282, 5*l - 7*r = 705. What is the greatest common factor of 94 and l?
47
Suppose 4*h = 4*s + 108, 4*h - s = 2*h + 55. Suppose -2*j - 5*g = -h, 6*j + 26 = 10*j - 5*g. Calculate the highest common factor of 126 and j.
9
Let x = 97 + -94. Suppose 4*t - 5*r - 476 = 0, -x*t + 3*r + 350 = r. Calculate the highest common factor of t and 6.
6
Suppose 287 = 6*g + 71. Calculate the highest common divisor of 664 and g.
4
Let b be ((10/80)/(11/5302))/(2/40). What is the greatest common divisor of b and 1687?
241
Let h be (138 + -1)*(-91)/(1365/(-30)). Calculate the greatest common factor of h and 8083.
137
Suppose 8920 = 5*j + 5*l, 686 - 2462 = -j - 3*l. What is the greatest common divisor of 420 and j?
12
Let r(k) = -45*k + 2534. Let s be r(0). What is the greatest common factor of 14 and s?
14
Suppose 5*s - 12 = 6*s. Let g be s/9*9/(-6). Suppose 0 = -g*c + 119 + 413. What is the highest common divisor of 38 and c?
38
Let w = -3352 - -3572. Calculate the greatest common factor of 275 and w.
55
Let h = 19 + -17. Suppose -h*o + 4*o = 10. Let t(p) = p**3 + 8*p**2 + 26*p + 78. Let y be t(-3). Calculate the greatest common divisor of y and o.
5
Let u(r) = 17*r**3 + r**2 - r + 1. Suppose 14*s = s + 13. Let k be u(s). Suppose -4*g + 2*g + 396 = 0. Calculate the highest common divisor of k and g.
18
Suppose 0 = -300*t + 191*t + 1526. Calculate the highest common divisor of t and 1750.
14
Suppose -20*d + 1355 + 10947 = 2702. Calculate the greatest common divisor of d and 1960.
40
Let f(n) = 6*n - 40. Let k be f(8). Suppose -k*i + 125 + 19 = 0. Suppose 26 = -2*w + 278. What is the greatest common factor of i and w?
18
Suppose 9*n - 393 - 192 = 0. Let v = n - 109. Let x = v + 47. Calculate the greatest common factor of x and 27.
3
Let f(h) = 579*h + 90. Let b be f(5). What is the greatest common factor of 15 and b?
15
Suppose 0 = -o - 1 + 5. Suppose 0 = o*v + 701 - 165. Let y = v - -225. What is the greatest common factor of y and 13?
13
Suppose -2*v = 2*s - 4, -3*s - 2 = -4*v - 1. Let z be 0 - (-40 - -1) - 2 - s. Let a = -96 + 114. What is the greatest common divisor of z and a?
18
Suppose -b - 3*f + 5 = -5, -5*b + 50 = -5*f. Let j(g) = b*g**2 - 25 + 12 + 6*g - g**3 + 2*g**3. Let p be j(-6). What is the highest common divisor of p and 38?
19
Suppose 49*d - 47*d = 0. Suppose i + 5*a - 20 = d, 2*a + a - 36 = -3*i. Let o = 111 - 1. Calculate the greatest common factor of o and i.
10
Let w be 0/(3*-2*1/(-2)). Suppose w = -5*a - 3*m + 8*m + 70, -3*a + m + 34 = 0. Suppose -a = 7*c - 80. What is the greatest common divisor of c and 15?
5
Suppose 24*j = 11472 - 2379 + 4539. What is the greatest common factor of j and 24?
8
Let j(d) = -4*d - 44. Let x be j(-20). Let f be 432/12*-4*(-3)/x. Calculate the greatest common divisor of f and 24.
12
Suppose 5*q + 52 + 220 = 4*p, 4*p + 4*q = 272. Calculate the greatest common factor of p and 2006.
34
Suppose -2*f + 6 = f. Let n be 118 - (-2 + 1 + f). Let b(h) = -102*h - 497. Let m be b(-5). Calculate the highest common divisor of n and m.
13
Let w = 242 - 253. Let f(s) = 3*s + 44. Let n be f(w). Suppose 0*a + a + 491 = 5*t, 87 = t - 3*a. Calculate the greatest common factor of t and n.
11
Suppose 3*q - 12 = 0, l + 3 = -5*q + 7*q. Let d be -3 - (-66 + -2 - l). Calculate the highest common factor of d and 20.
10
Let i(d) = d**3 - 16*d**2 - 1732*d - 30. Let t be i(-34). Calculate the greatest common divisor of 736 and t.
46
Let r(a) = a**3 - 29*a**2 - a + 77. Let s be r(29). Suppose -s*m = -53*m + 845. What is the highest common 